 i(p) = 28*p**2 - 19*p + 17. Let u(k) = 18*k**2 - 13*k + 11. Let g(z) = -5*i(z) + 8*u(z). What is g(6)?
93
Let n = -8589 + 8586. Let s(w) = -w**3 - 2*w**2 + 5*w + 7. What is s(n)?
1
Suppose -8*g + 3*g + 5 = 0. Suppose 4*m = 5*m + g. Let r(s) = -151*s**2 + 307*s**2 - 156*s**2 + 15*s**3. What is r(m)?
-15
Let h(z) be the third derivative of -z**8/1344 + z**6/720 - z**4/24 + z**2. Let u(i) be the second derivative of h(i). Let c = -73217 - -73218. Calculate u(c).
-4
Let d(m) = -2*m**2 - 13*m - 6. Suppose 3*s + 648 = 12*s. Let y = -78 + s. Give d(y).
0
Let x(h) = -30*h + 419. Let c be 232/16 + 5/20*-2. What is x(c)?
-1
Let u(m) be the first derivative of m**5/20 - 5*m**4/12 - 7*m**3/6 + 5*m**2/2 - 67*m - 20. Let l(c) be the first derivative of u(c). Calculate l(6).
-1
Let u(i) = 7*i**3 + 90*i**2 + 41*i - 37. Let c(q) = -24*q**3 - 309*q**2 - 143*q + 129. Let o(l) = 5*c(l) + 17*u(l). Give o(-14).
72
Let d be 2952/(-1558) + 4/(-38). Let a(l) = 2*l**2 + 5*l + 1. Let g(r) = -r**3 + 8*r**2 + 21*r + 3. Let c(i) = 9*a(i) - 2*g(i). Determine c(d).
-11
Let v be 14/35 + (3 - (-23)/5). Let z(i) = v - 4*i**3 + 7 - 14 + 14*i**3. Calculate z(-1).
-9
Let q be ((-2)/4)/(2/(-20)). Suppose 127*z = 102*z + 75. Let p(j) = -1 - j + q - 2 - z. Calculate p(4).
-5
Let b(o) be the first derivative of -4*o + 4*o**2 - 35 - 1/3*o**3. Let j be (-27)/(-4) - 2/(-8). Determine b(j).
3
Let d(y) = -6*y - 1. Suppose r + 15 = 3*a, 0 = r + 2*r + 9. Suppose -2*s = -v + 3*v - 10, -a*v + s = 0. Give d(v).
-7
Let x(z) = -257*z + 3*z**2 + 252*z - 6 - 2*z**2. Suppose -5*l = -y + 59, 2*l + 14 = 4*y - 6. Let v be (-10 - l)/(1/3). Give x(v).
0
Let u(l) be the third derivative of l**7/2520 - l**6/72 - l**5/10 - l**4/6 - l**3 - 15*l**2 + 2*l. Let a(c) be the second derivative of u(c). What is a(10)?
-12
Let h(x) = 2 - 3*x + x**3 - x + 3*x**2 + 2. Suppose 0 = -l + 7 - 12. What is h(l)?
-26
Let j(a) = -1 + 2*a - 5*a**2 - 2*a + 7*a**2 - 2*a. Let m = 32 - 34. Give j(m).
11
Let z(b) = -b**2 + 4*b - 3. Let t(k) = -6 - 10*k**2 - k**3 - 7 - 2*k + 1. Let o be t(-10). Suppose -o*d + 10*d = 8. Give z(d).
-3
Let w(z) be the second derivative of -1/2*z**2 + 1/20*z**5 - 8*z - 2 - 1/4*z**4 + 1/3*z**3. What is w(1)?
-1
Let b(a) = -3*a + 101. Let o be b(10). Let d(k) = o*k - 72*k - 7 + 3. Calculate d(5).
-9
Let j be ((-21)/(-9) - (5 - 5))*3. Suppose -6*n = -j*n + 4. Let r(v) = -n + 97*v - 96*v - 3 + 1. Give r(5).
-1
Let j(a) = -a**3 + 8*a**2 - 10*a + 1. Suppose -5*s - 3*l + 24 = -1, -2*l + 12 = s. Calculate j(s).
5
Let f(t) = 20*t - 40. Let b be f(2). Let a(x) = -x**2 + 8. Let q(j) = 2*j**2 - 3*j**2 + 1096 + 3*j**2 - 1113. Let d(m) = 13*a(m) + 6*q(m). Calculate d(b).
2
Let w(f) = 9*f + 171. Let y be w(-19). Let s(i) = i**2 + 26*i + 4. Let l be s(y). Let n(m) = m**3 - 3*m**2 - 3*m + 5. Determine n(l).
9
Let r(h) be the third derivative of -h**6/120 - h**5/60 - h**4/24 - h**3/6 - 758*h**2. What is r(-1)?
0
Let p(a) = -112*a - 30. Let d(h) = 66*h + 15. Let u(v) = 5*d(v) + 3*p(v). What is u(-3)?
3
Suppose -8 = 5*o - 2*z, 3*o + z - 16 = -3*z. Let l be (4/(80/15))/((-3)/(-48)). Suppose 2*f - l = -o*f. Let s(i) = i**2 - 5*i + 1. Determine s(f).
7
Let o(r) = -2*r**2 + 82*r + 75. Let c = 5089 + -5047. Calculate o(c).
-9
Let n(a) = -a**2 - a + 5. Suppose -2*w - 122 = -0*w. Let h be 4 - (0 + -1)*52. Let m = w + h. What is n(m)?
-15
Let i(o) = -2*o**2 - 3*o - 3. Suppose 10*m + 30 = 7*m. Let n be (-24)/(-1)*5/m. Let u(l) = l**2 + 12*l - 2. Let w be u(n). Give i(w).
-5
Let j(z) be the first derivative of -4*z**2 - 1/3*z**3 - 68 - 10*z. What is j(-7)?
-3
Let c(j) = -13*j**2 + 2*j - 1. Let r(o) = 11*o**2 - 2*o. Let q(k) = 4*c(k) + 5*r(k). Let x(a) be the first derivative of q(a). Give x(-5).
-32
Let m = 193 + -189. Suppose f = -4*f + 100. Suppose 5*l = -2*a + m*a + 29, -2*l + 5*a + f = 0. Let z(h) = h**2 - 5*h - 4. Give z(l).
-4
Let g(f) = 7*f**2 - 14*f**2 + 17*f + 27550*f**3 - 66 - 27549*f**3. Determine g(6).
0
Let h(l) = -7*l**2 - 16. Let i(g) = 12*g**2 + g + 32. Let j(y) = 7*h(y) + 4*i(y). Calculate j(6).
4
Let a(m) = 544*m + 76. Let v(s) = -91*s - 13. Let d(f) = -a(f) - 6*v(f). Let p be (-1 - 2/(-1))*5. Let l(x) = x - 10. Let h be l(p). Give d(h).
-8
Suppose 21*x - 33*x = -144. Suppose -5*w + x = -8*w. Let r(p) = -1 + 1 + 3*p. What is r(w)?
-12
Let r(c) = 13*c**3 + 6*c**2 + 25*c - 17. Let u(i) = 21*i**3 + 8*i**2 + 37*i - 25. Let k(t) = 8*r(t) - 5*u(t). Give k(10).
-61
Let m be (-4)/42 + (2/(-28) - -1). Let f(i) be the third derivative of 0 - 1/60*i**5 - 5*i**2 - m*i**3 - 3/8*i**4 + 0*i. Calculate f(-4).
15
Let l be (-7)/((-7)/(-18)) - 3. Let q(z) be the third derivative of -z**4/24 - 25*z**3/6 - 11164*z**2. What is q(l)?
-4
Suppose 6 = 2*t - 0. Suppose 4 = -2*f + 5*v - t, 5*v - 5 = 0. Let g be (f/3*0/4)/1. Let l(m) = -m**2 + 4. What is l(g)?
4
Let t be 118/10 - 2*8/(-80). Suppose 810*m - 822*m + t = 0. Let s(x) = 36*x + 1. Determine s(m).
37
Let r(w) = 5*w - 973 + 16*w + 446 + 531. What is r(1)?
25
Let g(f) = f**3 + 17*f**2 + 25*f - 70. Let o be g(-15). Let b(u) = u**3 - 4*u**2 - 3*u + 3. Determine b(o).
13
Let n(m) = 4*m - 30. Let g(s) = s**3 + 15*s**2 + 25*s - 8. Let v be g(-13). Let l be n(v). Let r(d) = d**2 + 11*d + 2. Determine r(l).
-8
Suppose -28*q = -22*q + 300. Let c be -1*2/6*(-56 - q). Let f(v) = 35*v - 61*v - 1 + 42*v + c. Determine f(1).
17
Let y(w) = -w**3 - 4*w**2 + 4*w + 12. Let d be y(-4). Let v be 1*((-282)/7 - d/14). Let x = 39 + v. Let a(p) = 14*p**2 - 2*p - 1. Determine a(x).
15
Let z be (-1)/(-1) + ((-52)/4)/1. Let u be (z/(-18) + -3)*-3. Let k(s) = s**3 - 7*s**2 - s + 3. What is k(u)?
-4
Let b(n) = -n**2 + 30*n - 25. Let u be b(29). Let k = 1 + 2. Let q(c) = -c**k + 4 - 28*c - 7 + 28*c + 5*c**2. What is q(u)?
13
Let l(x) be the third derivative of 13*x**4/24 - 23*x**3/3 - 994*x**2 - 2*x + 5. Give l(17).
175
Let l(y) = y - 1. Let u be 1 - -5*5/(-25)*-2. Suppose -3*v - u*i + 31 = 2*v, v - 3*i + 1 = 0. Determine l(v).
4
Let g(c) = -1 + 3 - 3 - c. Let p(v) = 73*v - 733. Let a be p(10). Let k(u) = 9*u + 3. Let m(x) = a*g(x) - k(x). Give m(-1).
6
Let k(u) = 123*u + 4058. Let i be k(-33). Let a(j) = 15*j**3 + 23 - 8 + j - 14. What is a(i)?
-15
Let l(b) = 3*b**2 - 41*b + 24. Let g(f) = f**2 - 14*f + 8. Let o be 808/(-100) - (-4)/50. Let x(d) = o*g(d) + 3*l(d). Determine x(7).
-20
Let l be 104/(-65)*15/(-6). Suppose 5*r - 45 = -4*q - 0*q, -q + l*r = 15. Let u(f) = -f + 3. Determine u(q).
-2
Let g(w) be the first derivative of w**6/120 - w**5/30 - w**4/8 + 7*w**3/6 + 138*w**2 - 279. Let h(p) be the second derivative of g(p). What is h(3)?
7
Suppose 27*z - 53*z = -35*z - 261. Let i(p) = p**2 + 26*p - 90. Give i(z).
-3
Let o(l) = 3*l + 4. Suppose -2*k + 8 = 0, 5*q - 4*k - 78 = 6. Let h be (-16)/(-40) - 128/q. Determine o(h).
-14
Let g(z) = -5*z**2 - 7*z - 6. Let h be g(-1). Let k be (-220)/(-165)*(-15)/h. Let c(m) = -5*m + 6. What is c(k)?
-19
Let s(l) = -l**2 + 10*l + 6. Suppose 8*y - 11*y = -57. Let p be (15/(-4))/(2 + y/(-8)). Give s(p).
6
Let l be -3 - -2 - -2 - -7. Suppose -n = 3*f - 4*f, n + 3*f - l = 0. Let k(p) = -1 + 2*p**2 - 5*p**2 - 2*p**3 - 4*p**2 + 5*p**2. What is k(n)?
-25
Let f(r) = 97*r - 589. Let m be f(6). Let n(y) = 11*y + 62. Determine n(m).
-15
Let c(j) be the third derivative of j**4/6 + 10*j**3 - 45*j**2. Calculate c(-16).
-4
Let t = -2578 + 1507. Let u = t - -1065. Let h(w) = -w**2 - 6 - 2*w + 0*w - 3*w. Calculate h(u).
-12
Let t = 48 - 43. Suppose -t*k - 23 - 7 = 0. Let q(o) = o**3 + 7*o**2 + 7*o + 11. Let b be q(k). Let l(y) = -y**3 + 4*y**2 + 6*y + 1. Determine l(b).
6
Let p(y) be the second derivative of 5*y**4/12 - y**3/2 + 3*y**2/2 - 2*y - 11622. Suppose 3*f = 8 - 2. Give p(f).
17
Let a(h) be the first derivative of h**3/3 + h**2 - 36*h + 1707. Give a(-7).
-1
Let a(s) = -2*s - s**2 + 9*s + 0 - 6. Let y be (0 + (12 - 13))*(-753)/(-3). Let r = 256 + y. Determine a(r).
4
Suppose u + 24 = -j + 22, 4*u - j = 12. Let v(p) = -3*p**3 + p**2 + 2*p - 1. Determine v(u).
-17
Let q(o) = -4*o + 10. Let u(w) be the second derivative of w**3/2 - 4*w**2 + 40*w. Let d(j) = 4*q(j) + 5*u(j). What is d(-6)?
6
Let b(l) = 2. Let n(c) = -c + 9. Let q(g) = -5*b(g) + n(g). Determine q(0).
-1
Let m(h) = 2*h + 0 - 9 + 6. Suppose 2*a - 4*b = -16 - 18, -b + 61 = -4*a. Let n = a + 11. Determine m(n).
-11
Let